 and 69.
69
Suppose d - 3*h - 132 = -2*d, d - 3*h = 36. Calculate the highest common divisor of 60 and d.
12
Let i = 1485 - 873. Calculate the highest common factor of 136 and i.
68
Suppose 3*f + 5*v - 150 - 476 = 0, 4*v = 5*f - 1068. Calculate the highest common factor of 8 and f.
4
Let m(q) = 29*q - 1. Let p be m(-1). Let t be 4/p - 2477/(-15). Calculate the greatest common factor of t and 15.
15
Let f(h) = 45*h + 4. Let s be f(5). Suppose 47 = -13*k + s. What is the highest common divisor of 28 and k?
14
Let t(d) = d**3 + 8*d**2 + 11*d + 7. Let f be t(-5). Calculate the greatest common divisor of 45 and f.
9
Let g be (-1)/(-5) + 2988/60. Let q = -26 + g. Let s be (-1 + (0 - -13))*18. What is the greatest common factor of s and q?
24
Let c be (-88)/22 + 113 + 0 + 1. Let q(m) = m + 2. Let z be q(6). Suppose -2*l + o + 18 = 0, 0*l + l = o + z. Calculate the highest common divisor of l and c.
10
Suppose 314 = 3*v - 367. Let q be 1248/(-15) + -1 + (-2)/(-10). Let p = q + v. What is the highest common factor of 13 and p?
13
Let l be ((-15)/6)/((-5)/4). Let a be 1/4 + ((-177)/(-12) - l). What is the highest common divisor of a and 65?
13
Let q be 256/24 - 3/((-9)/(-2)). Calculate the greatest common divisor of 520 and q.
10
Suppose -4*z - 190 = -478. Let v = -62 - -25. Let h = v - -55. Calculate the greatest common divisor of h and z.
18
Suppose y - 271 = 5*p - 2*p, 4*y = -2*p + 1056. What is the highest common divisor of 53 and y?
53
Let l be (25 - 7)/((-6)/(-16)). What is the highest common factor of l and 688?
16
Let b(t) = t**2 + 14. Let h be (-6)/(-4*3/18). Let j be (h + -9)*1/2. Let w be b(j). Calculate the greatest common divisor of w and 126.
14
Suppose -3*t = -12, 4*m + 99 = 2*t + 351. What is the greatest common divisor of 325 and m?
65
Let h(p) = 39*p + 549. Let x be h(-14). What is the greatest common factor of 933 and x?
3
Suppose -8*j + 3*j = 90. Let n(v) = 2*v**2 - 2*v + 9. Let t be n(6). Let f = t + j. Calculate the highest common factor of f and 34.
17
Let k = -76 + 90. Let b(p) be the second derivative of p**3/6 - 4*p**2 + 2*p. Let u be b(k). What is the highest common factor of 6 and u?
6
Suppose 2 - 62 = -5*m. Suppose -a = a - 4. Suppose -168 = -2*f - 4*w, 2*f - 5*w - 336 = -a*f. What is the highest common factor of m and f?
12
Suppose n - 12 = -4*u, 0*u = 3*n - 3*u + 9. Suppose 4*r = -n*r + 704. What is the greatest common factor of r and 16?
16
Suppose -6*f = 427 + 83. Suppose 0 = -5*u + 2*u - 2*y - 573, -2*u - 371 = 5*y. Let c = f - u. What is the highest common divisor of c and 27?
27
Let z(t) = -5*t**2 - 14*t - 2. Let o be z(-2). What is the highest common factor of 894 and o?
6
Let r(x) = x**2 + 3*x + 4. Let c be r(-6). Let m = c - 16. Suppose j + 20 = m*j. Calculate the greatest common divisor of j and 6.
2
Let m(d) = 4*d**3 + 4*d**2 + 9*d + 4. Let v be m(-4). Let p = v - -367. Calculate the greatest common factor of 13 and p.
13
Let d be (-28)/(-5) + (-6)/(-15). Suppose w + 0*w - d = 0. Suppose -w*t + 4*t + 10 = 0. Calculate the highest common divisor of 5 and t.
5
Let g = 550 + -300. Let w(a) be the second derivative of 2*a**4 + a**2/2 + 5*a. Let d be w(1). What is the highest common divisor of d and g?
25
Suppose 4*g - 4*l = 64, 2*g - 3 = 5*l + 35. Calculate the greatest common divisor of g and 28.
14
Suppose 4*k + 38*b - 192 = 40*b, -188 = -4*k + 4*b. Calculate the greatest common divisor of 784 and k.
49
Let o = 1483 - 1456. Calculate the highest common factor of 846 and o.
9
Let d be (12*-1)/(6/(-4)). Let o = 458 + -446. Calculate the greatest common factor of d and o.
4
Let i = -1569 - -2377. Calculate the greatest common factor of 101 and i.
101
Let a = -203 - -227. Calculate the greatest common divisor of 8 and a.
8
Suppose -50*n = -58*n + 56. Calculate the greatest common divisor of n and 1169.
7
Let f(s) = -s + 12. Let g be f(8). Suppose -102 + 14 = -g*a. What is the highest common divisor of 2 and a?
2
Let j = 381 + -165. Suppose k = -k + j. Let t = 28 + -1. Calculate the highest common factor of t and k.
27
Let p = 6 + 9. Suppose 2*x - p = -x. Calculate the highest common divisor of 55 and x.
5
Suppose -b - 2*l + 156 = 0, 5*b - 409 = -5*l + 356. What is the highest common divisor of b and 200?
50
Let b be (-1739)/(-94) - 2/4. What is the highest common divisor of 12 and b?
6
Let d be 1762/8 - (-11)/(-44). Let g(p) = -20*p**3 + p**2 + 2*p + 1. Let w be 10/(-14) + 8/(-28). Let b be g(w). What is the greatest common divisor of d and b?
20
Suppose 4*v + 16 = -w, -5*v + 26 = 4*w - 7*v. Suppose 17 = w*j - 87. Let i = -31 - -96. Calculate the highest common divisor of i and j.
13
Let j(o) = -o**3 + 6*o**2 - 23. Let t be j(5). Calculate the greatest common factor of 9 and t.
1
Let q = -77 + -10. Let m = -68 - q. Calculate the greatest common factor of m and 95.
19
Suppose -4*x - 42 = -6*x. Suppose -3*a + g + 16 = 0, -2*a = 2*a - g - x. What is the greatest common factor of 2 and a?
1
Let w(g) = -30*g + 1 - 10 + 1 + 10*g. Let h = -17 - -11. Let x be w(h). What is the greatest common factor of x and 14?
14
Let n = 1 + -1. Let t(h) = -h + 36. Let x be t(n). Let i = -21467 + 21476. What is the highest common factor of x and i?
9
Suppose -2*k + 13 = 9. Suppose -50 = -2*v + k*i, 0*v - 50 = -2*v - 2*i. What is the greatest common factor of v and 200?
25
Let d be 1092/30 - 2/5. Let p be (-8)/d + 2378/9. Let k be 24 + (-2 - (0 + -2)). What is the highest common factor of k and p?
24
Let q be 15*(4 + (1 - 12)). Let m be (12/(-9) + 1)/(1/q). What is the highest common divisor of m and 7?
7
Suppose h - 2*h + 1 = 0. Suppose -16*y + 49*y = 66. Calculate the greatest common divisor of y and h.
1
Let d be ((-9)/9 - 4)*-14. What is the highest common divisor of d and 238?
14
Let i be (-20)/(-8) - 3/2. Suppose 0 = -q + 3*l + 13, -l - i = -3*q + 6. Let z be (8 - (2 + q))*15. What is the greatest common factor of 30 and z?
15
Let m(z) = -2*z + 44. Let a be m(20). Suppose 19 = -2*q + 3*q. Let v = -15 + q. What is the greatest common divisor of a and v?
4
Let k(p) = -p - 2. Suppose -7*z = -2*z - 55. Suppose z = -5*j - 49. Let x be k(j). What is the highest common factor of x and 40?
10
Let a = -1064 - -1096. Calculate the greatest common divisor of 56 and a.
8
Suppose 0 = 4*f + 24 + 16. Suppose -5*m = -217 + 1832. Let j be f/(-25) + m/(-5). What is the greatest common factor of 13 and j?
13
Suppose j - 197 = -3*w, w - 4*j = 49 + 8. Calculate the highest common divisor of w and 715.
65
Suppose 23885 = 12*k + 4589. Calculate the highest common divisor of k and 8.
8
Suppose -5*v - 134 = 4*a, 3*v + 33 = 2*a - 65. Let h be (36/v)/(4/(-10)). Suppose h*y = -2*y + 65. What is the greatest common divisor of y and 13?
13
Let k(y) = 15*y - 9. Let m be k(3). Suppose 2*h - 40 - m = 0. Calculate the highest common divisor of 19 and h.
19
Let g be 8/(3/6*4). Suppose -g*r - 8 = 3*m - 58, -4*m + 76 = -4*r. Calculate the highest common factor of 6 and m.
6
Let j be 11*274 - (14 - 11 - 5). What is the highest common factor of j and 26?
26
Let n be (-27)/(-45) + (-1994)/(-10). Calculate the greatest common divisor of 25 and n.
25
Let m(d) = -3*d + 5. Let b be m(-5). Let w be ((-3)/(-6))/((-1)/b). Let o be (-178)/w + 2/10. Calculate the highest common factor of o and 6.
6
Suppose -5*u + 138 = 4*l, -2*l + 34 = u + 10. Suppose 18 + 2 = 2*i. Calculate the greatest common factor of u and i.
10
Let r = -177 - -220. What is the highest common factor of r and 43?
43
Let v be (-6)/(-15) + (-3)/(-5). Let p = v + 9. Calculate the greatest common divisor of 50 and p.
10
Let k be ((-80)/24)/(2/(-12)). Suppose -2*x = 3*x - k. Let z be (2 + -6)*(-30)/x. What is the greatest common divisor of 6 and z?
6
Let a(v) = v**2 + 1. Let q be a(-2). Suppose q*p + 11 + 9 = 0. Let k(x) = x**2 + x - 2. Let o be k(p). What is the greatest common divisor of 10 and o?
10
Suppose 0 = 2*t - 3*n + 2*n + 64, n + 116 = -4*t. Let y be 18/t + (-138)/(-5). Suppose c - y = 28. What is the highest common factor of c and 5?
5
Let s(y) = 391*y + 397. Let m be s(-1). Let v(c) = c**2 - 4*c. Let z be v(2). Let l be 326/6 + z/12. Calculate the highest common factor of l and m.
6
Let q = -110 - -124. Let s = 9 + 23. Let o = s - q. Calculate the highest common factor of 27 and o.
9
Suppose -67 = -4*d 